069. Give i(111).
-7
Let q(j) = 434*j**3 + j**2 + 3*j - 2. What is q(1)?
436
Let q(j) = -j**3 + 10*j**2 + 15*j + 312. Calculate q(13).
0
Let h(o) = -9*o - 994. Give h(-31).
-715
Let y(a) = 3*a**3 - 38*a**2 + 125*a - 52. Calculate y(5).
-2
Let a(m) = m**3 + 127*m**2 + 373*m + 7. What is a(-3)?
4
Let s(a) = -2636*a - 23721. Calculate s(-9).
3
Let c(q) = -4*q**3 + 20*q**2 + 25*q - 37. What is c(-2)?
25
Let i(t) = t**2 - 7*t - 124. Calculate i(-9).
20
Let y(c) = -6*c**2 - 23*c - 5. Give y(2).
-75
Let a(x) = 1348*x + 10776. What is a(-8)?
-8
Let o(z) = -51*z - 6. Calculate o(-3).
147
Let z(n) = 49*n + 364. Calculate z(-6).
70
Let b(n) = 24*n + 66. What is b(-2)?
18
Let y(o) = o**3 - 7*o**2 - 21*o + 131. Calculate y(7).
-16
Let y(a) = 35*a + 26. Calculate y(-9).
-289
Let c(n) = 94*n - 2334. Calculate c(23).
-172
Let u(m) = 774*m + 106813. Give u(-138).
1
Let b(w) = -2*w**2 + 201*w + 2162. Determine b(-11).
-291
Let u(c) = -c**3 + 18*c**2 - 31*c - 6. Determine u(16).
10
Let b(d) = 7*d**3 - d**2 + 2*d + 2. Calculate b(-3).
-202
Let y(i) = -i**2 - 68*i - 109. What is y(-67)?
-42
Let m(f) = f**3 - 24*f**2 + 112*f - 61. What is m(18)?
11
Let m(c) = -150*c - 31173. Give m(-208).
27
Let o(c) = -c**3 + 16*c**2 + 6498*c + 83. What is o(-73)?
10
Let t(l) = -97*l**2 + 9. Give t(-1).
-88
Let z(m) = 4*m**2 + 591*m + 1260. Give z(-146).
238
Let n(j) = -5*j**2 + 59*j - 44. Determine n(11).
0
Let h(r) = -5*r**2 - 153*r - 744. What is h(-5)?
-104
Let u(q) = 52*q + 2210. Calculate u(-31).
598
Let u(q) = -q**2 - 57*q - 795. Calculate u(-34).
-13
Let a(x) = 39*x - 126. Calculate a(-3).
-243
Let c(m) = -16*m**2 - 19*m + 4. Give c(-5).
-301
Let f(l) = -5*l**2 - 272*l + 51. Calculate f(-55).
-114
Let x(u) = -20*u**2 - 416*u + 83. Give x(-21).
-1
Let j(v) = 159*v - 2783. What is j(17)?
-80
Let c(r) = r**2 + 35*r - 3950. Give c(48).
34
Let j(a) = -a**2 - 8*a + 267. Determine j(-23).
-78
Let l(m) = 3*m**2 + 17*m - 130. Determine l(-12).
98
Let p(g) = -g**3 + 25*g**2 + 178*g - 52. Determine p(-6).
-4
Let s(f) = -52*f**2 + 1770*f - 64. What is s(34)?
4
Let m(i) = 10950*i + 65694. Calculate m(-6).
-6
Let u(x) = x**2 + 699*x + 26353. What is u(-40)?
-7
Let p(i) = -73*i - 305. Determine p(-5).
60
Let v(k) = -314*k - 11255. What is v(-36)?
49
Let s(r) = 43*r + 116. Calculate s(-16).
-572
Let y(k) = 3*k**2 - 44*k + 109. Give y(12).
13
Let q(c) = -2*c**3 - 96*c**2 - 95*c - 22. Calculate q(-47).
25
Let s(f) = -10*f**2 - 659*f + 62. Calculate s(-66).
-4
Let q(b) = -b**3 + 370*b + 738. What is q(-2)?
6
Let j(u) = u**3 + 22*u**2 + 29*u - 16. Calculate j(-20).
204
Let b(t) = 1068*t - 32080. Calculate b(30).
-40
Let v(y) = -10*y**3 - 331*y**2 - 33*y - 48. Determine v(-33).
-48
Let t(v) = -1691*v - 246880. Give t(-146).
6
Let d(i) = -13*i + 312. Calculate d(31).
-91
Let k(w) = w**3 + 57*w**2 + 160*w + 92. Determine k(-54).
200
Let w(i) = -24*i + 80. Determine w(3).
8
Let p(t) = 26*t**2 - 229*t + 13. Determine p(9).
58
Let c(m) = 39*m - 293. What is c(6)?
-59
Let u(k) = 853*k - 7674. Give u(9).
3
Let k(s) = -29*s**2 - 11*s - 41. Calculate k(-3).
-269
Let d(m) = -m**3 - m**2 + 22*m - 10. Give d(-5).
-20
Let a(b) = -2*b**3 - b**2 + 4*b - 41. Give a(0).
-41
Let x(t) = -4*t**2 + 45*t + 46. Determine x(-1).
-3
Let p(r) = r**3 - 50*r**2 - 36*r - 139. Give p(51).
626
Let u(d) = 2*d**2 + 54*d - 323. Give u(5).
-3
Let r(f) = 5*f**2 - 87*f - 148. Calculate r(19).
4
Let q(r) = r**3 - 14*r**2 - 6*r - 26. Give q(12).
-386
Let a(h) = -56*h + 82. Determine a(10).
-478
Let h(g) = g - 91. What is h(-29)?
-120
Let p(f) = f**3 + 201*f**2 - 2119*f - 1892. Calculate p(-211).
7
Let v(u) = -90*u - 61. Calculate v(-1).
29
Let b(v) = 7*v - 36. Calculate b(-2).
-50
Let s(g) = g**3 - 28*g**2 - 56*g - 127. What is s(30)?
-7
Let m(s) = 8*s - 319. Determine m(49).
73
Let a(m) = m**2 - 238*m + 1181. What is a(5)?
16
Let j(f) = 2*f**3 - f**2 + 4*f + 2. Determine j(-2).
-26
Let l(x) = 3*x**3 + 59*x**2 - 23*x - 58. Calculate l(-20).
2
Let t(v) = 17*v**2 + 695*v + 1397. Determine t(-2).
75
Let k(m) = -m**3 - 4*m**2 + 484*m + 2828. Determine k(-6).
-4
Let q(v) = -2140*v - 19275. Give q(-9).
-15
Let k(a) = -2*a**3 - 2*a**2 - 6*a - 32. Determine k(0).
-32
Let n(q) = q**2 + 5*q - 69. Give n(-11).
-3
Let a(z) = -z**3 - 25*z**2 - 33*z + 175. Give a(-24).
391
Let i(s) = -4*s**2 - 119*s + 388. Determine i(3).
-5
Let o(q) = -3*q**2 - 233*q - 669. Determine o(-3).
3
Let n(c) = c**2 - 58*c + 798. Give n(36).
6
Let c(m) = -m**3 + 17*m**2 - 53*m + 15. Determine c(13).
2
Let d(p) = p**2 + 161*p + 6057. What is d(-101)?
-3
Let a(v) = 392*v**2 + 23128*v + 17. Give a(-59).
17
Let t(x) = -x**2 - 91*x - 1360. Determine t(-72).
8
Let x(g) = -2*g**3 - 74*g**2 + 82*g + 236. Determine x(-38).
8
Let i(t) = t**3 - 6*t**2 + t - 1. Calculate i(9).
251
Let n(t) = -72*t**3 - 13250*t**2 - 368*t - 9. Calculate n(-184).
-9
Let f(o) = o**2 + 16*o - 394. Calculate f(-32).
118
Let b(c) = 2*c**2 + 967*c - 19091. Calculate b(19).
4
Let q(t) = 3*t**3 - 217*t**2 - 1318*t - 627. Calculate q(78).
-3
Let v(u) = -67*u - 1116. Calculate v(-16).
-44
Let n(s) = -s**3 + 53*s**2 + 113*s - 137. Give n(55).
28
Let b(q) = 296*q + 2959. What is b(-10)?
-1
Let d(x) = 4*x**3 - 34*x**2 - 69*x - 1. What is d(-2)?
-31
Let c(g) = -g**3 + 5*g**2 - 5*g - 19. Give c(-6).
407
Let i(h) = 527*h + 14394. Calculate i(-27).
165
Let w(f) = 25*f**2 + 17*f - 5. Give w(1).
37
Let z(k) = -9*k**2 + 89*k - 144. Give z(8).
-8
Let w(y) = -4*y**2 + 14*y + 95. Give w(7).
-3
Let k(c) = 144*c + 1463. Calculate k(-10).
23
Let b(j) = 1780*j + 1799. Give b(-1).
19
Let d(l) = 227*l - 51531. What is d(227)?
-2
Let s(c) = -36*c + 1207. Give s(33).
19
Let o(u) = 6*u**3 - 500*u**2 + 157*u + 744. Give o(83).
-3
Let p(i) = -2*i**3 + 52*i**2 - 181*i + 80. Determine p(22).
-30
Let u(l) = -3*l**3 - 23*l**2 - 32*l - 12. Determine u(-6).
0
Let n(f) = 45*f - 1307. Calculate n(29).
-2
Let n(h) = 16*h - 714. Determine n(44).
-10
Let c(p) = 93*p + 8005. Give c(-86).
7
Let c(k) = 9*k**3 + 14*k**2 + 39*k - 17. What is c(-3)?
-251
Let k(s) = -s**3 + 20*s**2 + 38*s - 4. Calculate k(-2).
8
Let g(c) = 17*c - 22. Give g(1).
-5
Let o(y) = 2*y**3 - 103*y**2 + 47*y + 169. Give o(51).
-35
Let t(g) = -g**2 - 13*g + 480. Give t(-30).
-30
Let h(r) = 2*r**2 + 99*r - 147. Determine h(-52).
113
Let s(j) = 13*j**3 - 10*j**2 + 10*j - 11. Calculate s(3).
280
Let i(z) = z**2 + 61*z + 28. Calculate i(-63).
154
Let c(a) = -546*a - 2184. Determine c(-4).
0
Let f(p) = -p**3 + 20*p**2 - 91*p - 48. Calculate f(17).
-728
Let d(u) = u**3 + 16*u**2 - 22*u + 14. Determine d(-17).
99
Let y(w) = -384*w + 394. Determine y(1).
10
Let u(f) = -f**2 - 27*f - 139. Calculate u(-8).
13
Let p(d) = -190*d + 6215. Calculate p(34).
-245
Let k(g) = -g**3 + 2*g**2 - 19*g - 126. Give k(0).
-126
Let g(r) = -r**3 - 4*r**2 - r + 157. Calculate g(0).
157
Let u(p) = -p**2 - 292*p + 28878. What is u(78)?
18
Let s(c) = 2*c**2 + 274*c + 7401. What is s(-100)?
1
Let o(q) = -3*q**2 - 3*q + 4. Determine o(2).
-14
Let c(n) = 2*n**2 - 134*n - 6069. Calculate c(98).
7
Let v(r) = -14*r**2 + 61*r - 16. What is v(4)?
4
Let d(f) = -f**2 - 33*f - 56. Give d(-28).
84
Let g(o) = 669*o + 4019. What is g(-6)?
5
Let b(x) = -x**2 - 9625*x + 57777. What is b(6)?
-9
Let w(n) = 5445*n - 54448. What is w(10)?
2
Let v(z) = 171*z + 1876. Calculate v(-11).
-5
Let i(l) = 311*l + 505. What is i(-2)?
-117
Let d(k) = 383*k + 118350. Determine d(-309).
3
Let v(l) = -1070*l + 13913. What is v(13)?
3
Let q(p) = -5665*p - 73647. Give q(-13).
-2
Let q(t) = -2102*t + 56750. Give q(27).
-4
Let j(w) = -2*w**3 + 110*w**2 + 106*w + 350. Calculate j(56).
14
Let y(p) = -82*p - 1727. What is y(-21)?
-5
Let a(p) = -p**2 - 16*p + 147. Calculate a(6).
15
Let q(c) = -13*c**2 + 746*c + 2036. Give q(60).
-4
Let i(w) = -3*w**2 + 116*w + 1348. Calculate i(48).
4
Let h(m) = 28*m + 1309. Give h(-47).
-7
Let b(s) = -s**2 - 41*s + 2418. What is b(33)?
-24
Let g(c) = 8*c**2 + 113*c - 847. Calculate g(7).
336
Let j(k) = -2*k**3 - 187*k**2 + 96*k + 116. Calculate j(-94).
-72
Let b(l) = 1192*l - 141. Determine b(0).
-141
Let x(a) = -537*a - 18. Calculate x(0).
-18
Let t(l) = l**3 + 43*l**2 + 7*l + 309. Determine t(-43).
8
Let z(u) = 2*u**2 + 33*u - 2. What is z(-16)?
-18
Let s(j) = -15*j**2 + 28*j + 95. Determine s(-4).
-257
Le